
7
Let j(g) = 0 + 0 + 956*g + 4*g**3 - 3*g**3 + 15*g**2 - 949*g. What is the units digit of j(-11)?
7
Suppose -4*w + 35 - 31 = 0. What is the units digit of w/(7/(-11025)*-3)?
5
Let a(l) = -l**3 + 7*l**2 + l - 3. Let s be a(7). Let k(z) be the second derivative of z**4/12 + 3*z**3/2 + 5*z**2/2 + 6*z. What is the units digit of k(s)?
7
Let j = -100 - -152. Let d be j/10 - (-4)/(-20). Suppose d*c - 239 = y, 4*c - 3*y - 138 - 62 = 0. What is the units digit of c?
7
What is the tens digit of 79/((-9401)/34) - (-1 - (-54217)/(-7))?
4
Let o(x) = -34*x**3 + 29*x + 141. What is the tens digit of o(-5)?
4
Let k(n) = 338*n + 149. What is the units digit of k(9)?
1
Let k be (-21 + 9)/2 + (-1 - 2). Let s(h) = -3*h**3 - 6*h**2 + 5*h - 5. What is the thousands digit of s(k)?
1
Let h = 56 + -54. Let u be (-10)/(-35) + 222/7. Suppose s = -3*d + u, h*s = -s + 2*d + 118. What is the units digit of s?
8
Suppose 8*r - 5*r - 65376 = h, 0 = -4*r + 4*h + 87168. What is the units digit of r?
2
Let p be (-30)/2*19770/(-75). Suppose -6*w + p = -1272. What is the tens digit of w?
7
Let m be (-154)/16 - (-417)/(-1112). Let t(l) be the second derivative of -7*l**3/6 - 24*l**2 - l. What is the units digit of t(m)?
2
Let i = -206 + 193. What is the units digit of (i/(-3))/(26/1014)?
9
Let a be 166/(-1577) - (-1 + 1896/38). Suppose 0 = -3*z - z - 508. Let u = a - z. What is the units digit of u?
8
Suppose 887*p - 1023*p + 4136530 = -5187086. What is the ten thousands digit of p?
6
What is the thousands digit of (369485/(-3))/(2146/111 - 21)?
3
What is the units digit of (138/(-207))/(1/(-13551))?
4
Let p = 19944 - 11418. What is the tens digit of p?
2
Suppose -y - 9 = 13. Let o(m) = -2*m - 40. Let j be o(y). Suppose -j*w - 8 = 0, w - 104 = -s - 35. What is the tens digit of s?
7
Suppose -2*x = -2*z - 6, 0 = x - 6*x - 4*z - 12. Suppose x = 9*p - 12*p + 3654. What is the units digit of p?
8
Suppose -19*w - 894 = 835. Let a = w - -169. What is the tens digit of a?
7
Let o = -113 - -134. Let g(z) = 57*z + 54. What is the tens digit of g(o)?
5
Let f(x) = x**3 + x**2 - 18*x - 18. Let w be f(-4). Suppose 0 = w*n - 1245 - 2427. What is the tens digit of n?
1
Suppose 23*x - 35 = 11. What is the units digit of 517/(-22)*x*-12?
4
Let x = -2480 + 3705. What is the tens digit of x?
2
Let j(u) = -u**3 + 16*u**2 - 30*u + 35. Let o be j(14). Let i(s) = 41*s - 97. What is the units digit of i(o)?
0
Suppose 3*u - 3*f = 2171 - 80, f = 3*u - 2083. Let q = u + -164. What is the hundreds digit of q?
5
Suppose -8*q + 1204 + 508 = 0. Let p = 15 + -15. Suppose p*g - 2*v = 3*g - q, g - 2*v - 66 = 0. What is the units digit of g?
0
Let d(z) = 12*z + 27. Let o be d(-2). Suppose 0 = -i - 0*r + 4*r + 72, 0 = 5*i + o*r - 314. What is the units digit of i?
4
Suppose 0 = 5*i - 4*l + 5*l - 18, -3*i + 22 = -5*l. Suppose -r - i*r - 10 = 0. What is the units digit of (23 + r)/((7/(-3))/(-7))?
3
Let t be 8/(4 - 6) - -227. Suppose -a + t = -50. What is the tens digit of a?
7
Let r be 6/15 + 5/((-100)/(-432)). Let t be (-1 + -1 + r)/(3/(-39)). What is the tens digit of ((-5)/2)/(2*5/t)?
6
Suppose 8593 = 2*j + s, 0 = -j - 16*s + 21*s + 4324. What is the tens digit of j?
9
Let s(a) = 20*a - 4. Let i be s(-5). Let y = 237 - i. Suppose -f + 565 = 5*o, -2*o - f + y = o. What is the hundreds digit of o?
1
Let o = -9901 + 14716. What is the hundreds digit of o?
8
Let y(m) = m**2 + 23*m + 11. Let p be y(-23). Suppose -d + 0*d + 3*l = 9, -3*d + 3*l - 3 = 0. What is the units digit of (-4 + p - d)*8?
2
Let i = 19369 + -13093. What is the hundreds digit of i?
2
Suppose 12*m + 10247 - 28787 = 0. Suppose z - m = -2*z + 4*h, 0 = 3*z - h - 1536. What is the hundreds digit of z?
5
Suppose -2*a + 30 = 2*p, -2*a + 0*p + 4*p = 0. Suppose -4*k - 9 = -a*x + 9*x, 3*x + k = 92. What is the units digit of x?
9
What is the thousands digit of 2580/(-7095) - 1/(-11)*456427?
1
Let i = 128 - 70. Let h = 61 - i. Suppose h*x - 438 = -3*f, 3*x - 492 = -5*f - 50. What is the hundreds digit of x?
1
What is the hundreds digit of (-2)/32 + 286326*(-27)/(-288)?
8
What is the tens digit of 3*(98515/15 + 6)?
2
Let o be 1/(0 - (-2)/(-4)). Let x be 1 - ((-105)/(-4))/(o/(-16)). Let u = -148 - x. What is the units digit of u?
1
Suppose -4*x - 9 = -g, 7 - 2 = -5*x. Suppose 4*n + 85 = 3*m, -g = 2*m - 3. What is the tens digit of n/(0 + -1) - 4?
1
Let v = 338 + -335. Suppose 37 = v*k - 1427. What is the tens digit of k?
8
Suppose 4*n = 5*n + n. Suppose -3*q - w + 131 = n, -11*q + 13*q - 76 = 5*w. What is the units digit of q?
3
Suppose -31*w + 5 = -30*w. Suppose -5*n + 3938 = -3*t, -n - n = -w*t - 1579. What is the tens digit of n?
8
Suppose -3*p = 3*y + 9, 3*y - y - 2 = 2*p. Let b be y/((-2 - -1)/7). Suppose b*w - 854 = -0*w. What is the hundreds digit of w?
1
Let m(b) = -4*b + 12. Let z be m(-2). What is the units digit of ((-8)/z)/(3 + 2163/(-720))?
6
Suppose -4*k + 8 = -12. Let s = 17 - 14. Suppose k*d + 3*z - 31 = s*d, 4*d - 37 = -z. What is the units digit of d?
8
What is the hundreds digit of -13*((-6)/57 - (-341076)/(-114))?
8
Suppose 5*n + 5*s = 5, n - 3*s - 17 = -4. Let x(v) = 7 + 8 + 7*v + 11*v + 1. What is the units digit of x(n)?
8
Let g(b) be the third derivative of b**5/5 - 23*b**4/24 - 191*b**3/6 + 69*b**2 - 2. What is the units digit of g(-9)?
8
Let b be (-2)/((-44)/40 + 1). Suppose 4*u - 20 = 0, 3*y = -4*u + 55 - b. Suppose r = 2*s + 131, y*r - r = -4*s + 560. What is the hundreds digit of r?
1
What is the thousands digit of 5 + (15 - 15) - -11247?
1
Let u be (-2)/(-2) + (-2)/1 + 4. Suppose -2*p + 11 = -u*g - 15, 0 = 5*g. Suppose -11*m = -10*m - p. What is the tens digit of m?
1
Suppose 32*u = 3*i + 27*u - 245, -5*i + 5*u = -415. Let y = 16 - 10. Suppose -5*n + 85 = 2*a, n - y*n + 4*a = -i. What is the units digit of n?
7
Let q = 2787 - -3732. What is the thousands digit of q?
6
Suppose -2*z + 6*z - 16 = 0. Suppose z*f = 4*q + 2108, -2*q - 2 = -4*q. What is the hundreds digit of f?
5
Let b = 7464 + -3480. What is the hundreds digit of b/10 + -1 - 144/(-240)?
3
Suppose 363124 + 1288422 = 26*w. What is the hundreds digit of w?
5
Suppose -50*f = -46*f + 3*t - 33592, t = 5*f - 41971. What is the hundreds digit of f?
3
Suppose 3*h + h + 0*h - 13316 = 0. What is the tens digit of h?
2
Suppose -i - 2*v + 278 = -526, -4*i + 2*v + 3216 = 0. Let r = -488 + i. What is the tens digit of r?
1
Suppose 10 = 5*l - 5*o, -6*l + 5*l - 4 = -4*o. Suppose -5*m - 4*r + 3733 = -3*r, -1486 = -2*m - l*r. What is the tens digit of m?
4
Let w = -13072 - -23035. What is the thousands digit of w?
9
Suppose 7*d + 2 = 8*d. Suppose 0 = 5*h - 3*a - 25, -d*a = -2*h - 3*a + 10. Suppose 0 = -2*c - 0*b + 3*b + 224, -b + 594 = h*c. What is the units digit of c?
8
Let j = 88 + -78. Suppose 0 = 2*a - 5*k + j, 3*k = -2*a - k + 8. Suppose 0 = 2*u + 3*c - 367, -4*u + c + 14 + 699 = a. What is the units digit of u?
9
Suppose -4*c = -12, -151*n + 91931 = -149*n + 3*c. What is the ten thousands digit of n?
4
Let y be 3 - (2/(-7) + 317/7). Let u = y + 34. What is the hundreds digit of (-39)/104 + (-1211)/u?
1
Suppose 0 = 107*r - 662019 + 89034. What is the thousands digit of r?
5
Suppose 8*t - 1265 = 151. Suppose -981 = -3*k - 3*u, k - 142 = u + t. Suppose f = -3*m + 461 - 126, -3*m - 4*f = -k. What is the tens digit of m?
1
Suppose 0 = 5*c - 103270 + 6410. What is the ten thousands digit of c?
1
Suppose 5*z = a + 6 + 13, -3*a = -2*z - 8. Let o(j) = 71*j - a - 46*j - 13. What is the units digit of o(4)?
1
Suppose 0 = -365*h + 377*h - 194652. What is the tens digit of h?
2
Suppose -86*z = -88*z + 242. What is the hundreds digit of ((-2)/(-6) + 0)/(z/217437)?
5
Let g(m) = 70*m - 165. Let p be g(17). Let s = 1555 - p. What is the tens digit of s?
3
Let f(r) be the first derivative of -r**4/4 - 5*r**3 - 19*r**2/2 - 23*r - 25. Let m be f(-14). Let b = 46 + m. What is the units digit of b?
3
Let g(f) = -5*f - 4. Let a be g(-4). Suppose a + 272 = -8*m. Let b = m - -66. What is the units digit of b?
0
Suppose 2*t - 5*t = -3*n - 24, 4*t + 4*n - 16 = 0. Suppose 56 = t*p + p. Suppose 0 = -3*c + 3*b + 642, 5*c + 614 = p*c + 4*b. What is the tens digit of c?
1
Let p(c) = 24*c**2 + 3*c + 3. Suppose 0 = 4*j - 11 + 15. Let y be p(j). Suppose -y*z = -22*z - 138. What is the units digit of z?
9
Let d 